7
Let a be 1/(-1)*-97 - (-174)/58. Let l = -98 + a. Suppose -5*s + 258 = z, s - l*s = -3*z - 42. What are the prime factors of s?
3, 17
Let g(k) = 4*k**2 + 42*k + 533. What are the prime factors of g(-23)?
3, 11, 17
Let v = -279 - -316. What are the prime factors of -1 - -3 - -4*v?
2, 3, 5
Suppose s - 750 = -2*l + 10031, l - 3*s = 5387. What are the prime factors of l?
2, 5, 7, 11
Let q = -215 + 298. Let m = 776 - q. List the prime factors of m.
3, 7, 11
Let b be (20/(-2))/(8/188). Let r = b - -502. List the prime factors of r.
3, 89
Suppose -3*z - 184 = -562. Suppose -2*u + z + 260 = 0. What are the prime factors of u?
193
Suppose 5*r + 19*s - 23*s = 15365, -s = 2*r - 6159. What are the prime factors of r?
17, 181
Let h = -91 + 95. What are the prime factors of -5 - (1 - (h + 726))?
2, 181
Let h = -56443 + 85043. What are the prime factors of h?
2, 5, 11, 13
Suppose 2365*q - 2357*q = 16512. List the prime factors of q.
2, 3, 43
Let n = -118108 + 167410. What are the prime factors of n?
2, 3, 11, 83
Let t = 18829 + -5572. What are the prime factors of t?
3, 491
Let r(c) be the second derivative of 19*c**4/12 + c**3/3 - 9*c**2/2 + 117*c + 3. Let z(a) = a**2 - 7*a - 3. Let g be z(7). What are the prime factors of r(g)?
2, 3, 13
Suppose -2*y - y - 5*v + 20 = 0, 3*v = -y + 8. Suppose 9*b = 5*b + 3*p + 2464, 2*b + y*p = 1232. List the prime factors of b.
2, 7, 11
Suppose -5*s - s + 216 = 0. Suppose s*z = 15*z + 1092. List the prime factors of z.
2, 13
Let k be (-2)/((-77)/(-22) - (-8)/(-2)). What are the prime factors of 1 - k - -2*83/2?
2, 5
Let a = 1774 - 1512. What are the prime factors of a?
2, 131
Let c be 8 + 19/(-4) - (-10)/(-8). What are the prime factors of 236 - 1/c*-8?
2, 3, 5
Let h(z) = 24*z + 10. Let b be h(4). Let n = -103 + b. Suppose 0*k + q - 143 = -n*k, -4*k + 5*q = -178. What are the prime factors of k?
47
Let b = -50703 - -72241. What are the prime factors of b?
2, 11, 89
Let p(q) = -6583*q + 7685. What are the prime factors of p(-12)?
7, 29, 61
Let l = -18656 + 53147. What are the prime factors of l?
3, 11497
Let s = 2950 - 2952. Let n(a) be the third derivative of 2*a**5/3 - a**4/24 - 2*a**3/3 + 2*a**2. List the prime factors of n(s).
2, 79
Let f be (1*(-2)/1 - -655)*1. Let j = -106 + f. List the prime factors of j.
547
Suppose -361*t = -362*t - 4*h + 20888, 5*t = 4*h + 104344. List the prime factors of t.
2, 2609
Let c(r) = -r + 38. Let x(w) = -28*w**2 - w + 1. Let u be x(-1). What are the prime factors of c(u)?
2
What are the prime factors of 466*((-492)/(-20) - (-7)/(-70))?
7, 233
Let s(t) = 4*t - 140. Let r be s(35). Let l(c) = c**3 + c**2 - 2*c + 422. List the prime factors of l(r).
2, 211
Let w be 0*((-55)/(-10))/11. Suppose w = -2*j - 2*j + 328. List the prime factors of j.
2, 41
Let p(v) = -v**3 + 4*v**2 + 10*v - 21. Let r be p(10). Let u = r - -914. List the prime factors of u.
3, 131
Let o be (4/1 - (-8 + 10))*4. Suppose -58 = -9*s + o*s. Suppose 5*i - 467 = -2*t, s = 2*i - 5*t - 152. What are the prime factors of i?
5, 19
Let m be -2 + (90/(-5))/3 + 3. Let r = m - -14. List the prime factors of r.
3
Let x = -173 + 208. Suppose 2*r + 8 = 0, -x*k - 7070 = -40*k + 5*r. What are the prime factors of k?
2, 3, 5, 47
Suppose 8586827 - 1870781 = 138*p. List the prime factors of p.
41, 1187
Suppose -1704 = -2*x + 4*o, 4*o + 4272 = 55*x - 50*x. What are the prime factors of x?
2, 107
Let k(t) = 2*t**2 - 12*t - 391. List the prime factors of k(21).
239
Let n(j) = 1010*j + 43112. List the prime factors of n(0).
2, 17, 317
Let f(x) = 61*x**2 + 5*x + 11. Let m(a) = -a**3 - 2*a**2 - a + 2. Let u be m(1). List the prime factors of f(u).
5, 7
Let a be ((-40)/(-15))/((-2)/(-3)). Suppose 3*u - 3320 = -a*j, 0*u - 5*j = -3*u + 3329. List the prime factors of u.
2, 277
Let h = -145 - -152. List the prime factors of h/21 + 13840/24.
577
Let v(j) = 9953*j + 121. What are the prime factors of v(1)?
2, 3, 23, 73
List the prime factors of (-6)/8 - (-2675400)/480.
5573
Let p = 84896 - 52138. List the prime factors of p.
2, 11, 1489
Suppose -8*b + 3*b = -1850. Let s = b - 210. List the prime factors of s.
2, 5
Let n(b) = -12*b - 114. Let h(l) = -2*l**3 + 7*l**2 + 14*l - 7. Let y be h(5). List the prime factors of n(y).
2, 3, 5
Let z(s) = -s**2 + 10*s - 4. Let p be z(9). Suppose -3 + 18 = p*x. Suppose 0 = x*t - 20 - 91. List the prime factors of t.
37
Let b(d) = -3*d + 7. Let q be b(6). Let m = q + 11. Let c = m - -32. List the prime factors of c.
2
Let h be ((-36)/(-5))/((-12)/80). Let r = 317 + h. What are the prime factors of r?
269
Let b = 9694 + -6512. What are the prime factors of b?
2, 37, 43
Let q be -155*(8/(-20))/(4/4). Suppose 60*r = q*r - 458. List the prime factors of r.
229
Suppose 51438 = 367*s - 354*s - 69579. What are the prime factors of s?
3, 29, 107
Let k(h) = 2261*h - 4480. What are the prime factors of k(18)?
2, 7, 13, 199
Let s be (-10)/35 + 4*3/42. Suppose -4*h + 5*r = -596, -5*r + 22 - 2 = s. Suppose -2*g + h = 4*z, -z - 2*g + 32 = 1. List the prime factors of z.
41
Suppose -p = -1423 - 730. What are the prime factors of p?
2153
Let r = -24734 - -45615. What are the prime factors of r?
7, 19, 157
Suppose -1411 - 1465 = -4*w. Let i = -511 + w. List the prime factors of i.
2, 13
Suppose 2*g - 3*c = 3325 - 485, 2*c + 5704 = 4*g. List the prime factors of g.
1429
Let j(y) = -y**3 + 16*y**2 - 11*y + 168. Let k be j(16). What are the prime factors of (144/k)/6 - -290?
7, 41
Let o(s) be the second derivative of -s**3/2 + 7*s**2/2 + 23*s. Let h(r) = -r**2 + 4*r - 8. Let q(j) = -3*h(j) - 4*o(j). What are the prime factors of q(6)?
2, 13
Let h(k) = 343*k**2 + 16*k - 14. What are the prime factors of h(6)?
2, 5, 11, 113
Suppose 317718 = 53*s + 75137. What are the prime factors of s?
23, 199
Suppose 8*i - 7*i = 16080. Suppose -i = -26*u + 10*u. List the prime factors of u.
3, 5, 67
Let r(g) = -258*g - 3972. List the prime factors of r(-183).
2, 3, 7207
Suppose -9*n - 30 = -3*n. Let x(j) = j**2 + 11*j + 11. Let o be x(n). List the prime factors of 4 - (o + 3/(-3)).
2, 3
Suppose 2*c - 4 = -10. Let d(p) = -p**3 - 4*p**2 - 7*p - 10. Let b be d(c). Suppose -i + 199 = 2*g, 2*g - b*i - 136 = 66. What are the prime factors of g?
2, 5
Suppose 312*k + 1568342 - 6071438 = 0. What are the prime factors of k?
3, 17, 283
What are the prime factors of (546/(-52)*(-8)/(-20))/(1/(-2285))?
3, 7, 457
Suppose -8*f + 559 = -625. Let g = f - -51. What are the prime factors of g?
199
Let p(y) = -y**3 + 15*y**2 + 14*y + 34. Let k be p(16). Suppose -k*l + 372 = q, 9 = 5*q - 11. List the prime factors of l.
2, 23
Let m = 19077 - 11033. What are the prime factors of m?
2, 2011
Suppose 0 = 4*s + 3*y - 14091 - 305, 2*s - 9*y - 7240 = 0. What are the prime factors of s?
2, 1801
Let m = 549 + -342. Let w = -101 + m. List the prime factors of w.
2, 53
Let s(m) = 8*m**2 + 72*m + 512. What are the prime factors of s(-40)?
2, 163
Suppose 2*b + 10 = 0, 3*v = 311*b - 307*b + 43544. List the prime factors of v.
2, 3, 13, 31
Suppose -78 = 6*k - 96. Let w(i) = 52*i**2 - 13*i + 48. What are the prime factors of w(k)?
3, 53
Let z = 767 + -421. Let t = z + -841. List the prime factors of t/(-10) - (-2)/(-4).
7
Let t(y) = -5*y**3 + 7*y**2 + 2*y - 26. Let r(m) = -2*m**3 + 3*m**2 + m - 13. Let j(f) = -7*r(f) + 4*t(f). What are the prime factors of j(-4)?
479
Suppose 98*r - 309043 = 1031695. What are the prime factors of r?
13681
What are the prime factors of 33/(-6)*(-61*25 + 5 + -4)?
2, 3, 11, 127
Let i(c) = -c**3 - 66*c**2 + 68*c + 72. Let m be i(-67). Let h be (-4318)/(-4) + 1/2. Suppose 0 = -4*j - m*j + h. List the prime factors of j.
2, 3, 5
Let a = -1 + -1. Suppose -27*k + 24*k + 263 = 2*m, -3*k + 283 = -2*m. List the prime factors of -2 - (k/(-14))/(a/(-24)).
2, 19
Suppose -f - 4*f = f. Let o be 3 + f - -1*2. Suppose 2*n = 5*n + 5*g - 173, 5*n = -o*g + 285. List the prime factors of n.
2, 7
Suppose 5*s - 2*q = 7225 + 14913, 5*q = -2*s + 8861. What are the prime factors of s?
2, 3, 41
Let f = -49556 + 70316. List the prime factors of f.
2, 3, 5, 173
Let m = 38959 - 21420. What are the prime factors of m?
17539
Suppose -6008*u - 59955 = -6029*u. List the prime factors of u.
5, 571
Let n(v) = v**3 - 19*v**2 - 73*v - 73. What are the prime factors of n(24)?
5, 211
Let i